{"id":56,"date":"2023-11-23T12:12:29","date_gmt":"2023-11-23T11:12:29","guid":{"rendered":"https:\/\/tolgyesinorbert.hu\/?page_id=56"},"modified":"2024-09-30T17:30:47","modified_gmt":"2024-09-30T15:30:47","slug":"projektek","status":"publish","type":"page","link":"https:\/\/tolgyesinorbert.hu\/?page_id=56","title":{"rendered":"Arch\u00edv projektek"},"content":{"rendered":"\n<div style=\"height:30px\" aria-hidden=\"true\" class=\"wp-block-spacer\"><\/div>\n\n\n<div class=\"wp-block-image\">\n<figure class=\"aligncenter size-full\"><img loading=\"lazy\" decoding=\"async\" width=\"545\" height=\"126\" src=\"https:\/\/tolgyesinorbert.hu\/wp-content\/uploads\/2024\/09\/image-1.png\" alt=\"\" class=\"wp-image-236\" srcset=\"https:\/\/tolgyesinorbert.hu\/wp-content\/uploads\/2024\/09\/image-1.png 545w, https:\/\/tolgyesinorbert.hu\/wp-content\/uploads\/2024\/09\/image-1-300x69.png 300w\" sizes=\"auto, (max-width: 545px) 100vw, 545px\" \/><\/figure>\n<\/div>\n\n\n<p><a href=\"https:\/\/www.facebook.com\/p\/Lackfi-Kreat%C3%ADv-%C3%8Dr%C3%A1s-Inf%C3%B3k-100064764668341\/\" data-type=\"link\" data-id=\"https:\/\/www.facebook.com\/p\/Lackfi-Kreat%C3%ADv-%C3%8Dr%C3%A1s-Inf%C3%B3k-100064764668341\/\">Lackfi kreat\u00edv \u00edr\u00e1s<\/a> kurzus 2024-es tavaszi f\u00e9l\u00e9v\u00e9n k\u00e9sz\u00fclt r\u00f6vid \u00edr\u00e1saim <a href=\"https:\/\/tolgyesinorbert.hu\/?cat=6\" data-type=\"link\" data-id=\"https:\/\/tolgyesinorbert.hu\/?cat=6\">itt<\/a> olvashat\u00f3k, illetve egy a <a href=\"https:\/\/dramazin.hu\/?p=10034\" data-type=\"link\" data-id=\"https:\/\/dramazin.hu\/?p=10034\">Dramazinon<\/a> jelent meg.<\/p>\n\n\n\n<div style=\"height:30px\" aria-hidden=\"true\" class=\"wp-block-spacer\"><\/div>\n\n\n<div class=\"wp-block-image\">\n<figure class=\"aligncenter size-large\"><a href=\"https:\/\/soundcloud.com\/tolgyesi\"><img loading=\"lazy\" decoding=\"async\" width=\"1024\" height=\"215\" src=\"https:\/\/tolgyesinorbert.hu\/wp-content\/uploads\/2023\/11\/image-1024x215.png\" alt=\"\" class=\"wp-image-112\" srcset=\"https:\/\/tolgyesinorbert.hu\/wp-content\/uploads\/2023\/11\/image-1024x215.png 1024w, https:\/\/tolgyesinorbert.hu\/wp-content\/uploads\/2023\/11\/image-300x63.png 300w, https:\/\/tolgyesinorbert.hu\/wp-content\/uploads\/2023\/11\/image-768x161.png 768w, https:\/\/tolgyesinorbert.hu\/wp-content\/uploads\/2023\/11\/image.png 1026w\" sizes=\"auto, (max-width: 1024px) 100vw, 1024px\" \/><\/a><\/figure>\n<\/div>\n\n\n<p><a href=\"https:\/\/soundcloud.com\/tolgyesi\" data-type=\"link\" data-id=\"https:\/\/soundcloud.com\/tolgyesi\">Zene (2011 EP)<\/a> &#8211; Basszusgit\u00e1rozni \u00e9s git\u00e1rozni is tanultam, nagy \u00f6r\u00f6m\u00f6met leltem a zen\u00e9ben, egy id\u0151ben rengeteget foglalkoztam vele. 2011-ben egy pr\u00f3bateremben felvettem n\u00e9h\u00e1ny darabot n\u00e9mi k\u00f6lt\u00e9szettel f\u0171szerezve. \u00c9rdekes id\u0151-\u00e9s t\u00e9rbeli lenyomatok.<\/p>\n\n\n\n<div style=\"height:30px\" aria-hidden=\"true\" class=\"wp-block-spacer\"><\/div>\n\n\n<div class=\"wp-block-image\">\n<figure class=\"aligncenter size-large\"><a href=\"https:\/\/felhofiu.hu\"><img loading=\"lazy\" decoding=\"async\" width=\"1024\" height=\"214\" src=\"https:\/\/tolgyesinorbert.hu\/wp-content\/uploads\/2023\/11\/bg0-1024x214.jpg\" alt=\"\" class=\"wp-image-114\" srcset=\"https:\/\/tolgyesinorbert.hu\/wp-content\/uploads\/2023\/11\/bg0-1024x214.jpg 1024w, https:\/\/tolgyesinorbert.hu\/wp-content\/uploads\/2023\/11\/bg0-300x63.jpg 300w, https:\/\/tolgyesinorbert.hu\/wp-content\/uploads\/2023\/11\/bg0-768x160.jpg 768w, https:\/\/tolgyesinorbert.hu\/wp-content\/uploads\/2023\/11\/bg0-1536x321.jpg 1536w, https:\/\/tolgyesinorbert.hu\/wp-content\/uploads\/2023\/11\/bg0-2048x428.jpg 2048w, https:\/\/tolgyesinorbert.hu\/wp-content\/uploads\/2023\/11\/bg0-1140x238.jpg 1140w\" sizes=\"auto, (max-width: 1024px) 100vw, 1024px\" \/><\/a><\/figure>\n<\/div>\n\n\n<p><a href=\"https:\/\/felhofiu.hu\">Felh\u0151fi\u00fa \u00e9s m\u00e1s mes\u00e9k<\/a> &#8211; R\u00e9gi \u00e1lmom v\u00e1lt val\u00f3ra 2015-ben, amikor megjelent ez a mesek\u00f6nyv, ami t\u00f6bb t\u00f6rt\u00e9netet tartalmaz. Gyermekbetegs\u00e9gei ellen\u00e9re is b\u00fcszke vagyok r\u00e1 \u00e9s j\u00f3l esik olykor \u00fajra fellapozni. Nagy projekt volt a maga idej\u00e9n, nagyon \u00e9lveztem \u00e9s sokat tanultam bel\u0151le. A teend\u0151k elsodortak att\u00f3l, hogy foglalkozzak vele a megjelen\u00e9s ut\u00e1n, \u00edgy a h\u00e1tt\u00e9rbe szorult. Egyszer rem\u00e9lem \u00fajra el\u0151 tudom venni \u00e9s megtal\u00e1lja a hely\u00e9t a kiadv\u00e1ny.<\/p>\n\n\n\n<div style=\"height:30px\" aria-hidden=\"true\" class=\"wp-block-spacer\"><\/div>\n\n\n\n<figure class=\"wp-block-image size-large\"><a href=\"https:\/\/tolgyesinorbert.hu\/?p=129\"><img loading=\"lazy\" decoding=\"async\" width=\"1024\" height=\"213\" src=\"https:\/\/tolgyesinorbert.hu\/wp-content\/uploads\/2024\/03\/szuri_0004-1-1024x213.jpg\" alt=\"\" class=\"wp-image-147\" srcset=\"https:\/\/tolgyesinorbert.hu\/wp-content\/uploads\/2024\/03\/szuri_0004-1-1024x213.jpg 1024w, https:\/\/tolgyesinorbert.hu\/wp-content\/uploads\/2024\/03\/szuri_0004-1-300x62.jpg 300w, https:\/\/tolgyesinorbert.hu\/wp-content\/uploads\/2024\/03\/szuri_0004-1-768x160.jpg 768w, https:\/\/tolgyesinorbert.hu\/wp-content\/uploads\/2024\/03\/szuri_0004-1-1140x237.jpg 1140w, https:\/\/tolgyesinorbert.hu\/wp-content\/uploads\/2024\/03\/szuri_0004-1.jpg 1182w\" sizes=\"auto, (max-width: 1024px) 100vw, 1024px\" \/><\/a><\/figure>\n\n\n\n<p><a href=\"https:\/\/tolgyesinorbert.hu\/?p=129\">2012-es novellap\u00e1ly\u00e1zatok<\/a> &#8211; Abban az \u00e9vben nagy lelkesed\u00e9ssel vettem r\u00e9szt novellap\u00e1ly\u00e1zatokon, \u00edgy t\u00f6bb k\u00f6tetben is megjelenhettek az \u00edr\u00e1saim, amelyeket t\u00f6bb, mint egy \u00e9vtized ut\u00e1n vettem el\u0151, hogy el\u00e9rhet\u0151ek legyenek.<\/p>\n","protected":false},"excerpt":{"rendered":"<p class=\"post-excerpt\">Lackfi kreat\u00edv \u00edr\u00e1s kurzus 2024-es tavaszi f\u00e9l\u00e9v\u00e9n k\u00e9sz\u00fclt r\u00f6vid \u00edr\u00e1saim itt olvashat\u00f3k, illetve egy a Dramazinon jelent meg. Zene (2011&#8230;<\/p>\n","protected":false},"author":1,"featured_media":0,"parent":0,"menu_order":0,"comment_status":"closed","ping_status":"closed","template":"","meta":{"footnotes":""},"class_list":["post-56","page","type-page","status-publish","hentry"],"_links":{"self":[{"href":"https:\/\/tolgyesinorbert.hu\/index.php?rest_route=\/wp\/v2\/pages\/56","targetHints":{"allow":["GET"]}}],"collection":[{"href":"https:\/\/tolgyesinorbert.hu\/index.php?rest_route=\/wp\/v2\/pages"}],"about":[{"href":"https:\/\/tolgyesinorbert.hu\/index.php?rest_route=\/wp\/v2\/types\/page"}],"author":[{"embeddable":true,"href":"https:\/\/tolgyesinorbert.hu\/index.php?rest_route=\/wp\/v2\/users\/1"}],"replies":[{"embeddable":true,"href":"https:\/\/tolgyesinorbert.hu\/index.php?rest_route=%2Fwp%2Fv2%2Fcomments&post=56"}],"version-history":[{"count":31,"href":"https:\/\/tolgyesinorbert.hu\/index.php?rest_route=\/wp\/v2\/pages\/56\/revisions"}],"predecessor-version":[{"id":239,"href":"https:\/\/tolgyesinorbert.hu\/index.php?rest_route=\/wp\/v2\/pages\/56\/revisions\/239"}],"wp:attachment":[{"href":"https:\/\/tolgyesinorbert.hu\/index.php?rest_route=%2Fwp%2Fv2%2Fmedia&parent=56"}],"curies":[{"name":"wp","href":"https:\/\/api.w.org\/{rel}","templated":true}]}}